{"id":1236,"date":"2023-10-22T17:30:31","date_gmt":"2023-10-22T15:30:31","guid":{"rendered":"https:\/\/www.zumgoldenenschnitt.ch\/?page_id=1236"},"modified":"2026-03-05T13:44:09","modified_gmt":"2026-03-05T12:44:09","slug":"augenlidstraffung-kleine-op-grosse-wirkung","status":"publish","type":"page","link":"https:\/\/www.zumgoldenenschnitt.ch\/it\/lifting-delle-palpebre-piccolo-intervento-grande-effetto\/","title":{"rendered":"Lifting delle palpebre: piccola operazione, grande effetto!"},"content":{"rendered":"<p>Basilea, 9 ottobre 2023<\/p>\n<p>Fate brillare di nuovo i vostri occhi!<\/p>\n<p>Le palpebre cadenti spesso fanno sembrare gli occhi pi\u00f9 piccoli e spesso trasmettono un'espressione stanca e triste. Le palpebre pesanti premono e spesso portano a un sollevamento compensatorio delle palpebre. Per le signore, truccare gli occhi \u00e8 pi\u00f9 difficile, l'eyeliner si sbaffa o non \u00e8 pi\u00f9 visibile.<\/p>\n<p>Una piccola operazione ha un grande effetto in questo caso: con una <a href=\"https:\/\/www.zumgoldenenschnitt.ch\/it\/offerta\/occhi\/sollevare-le-palpebre-operare\/\">Lifting della palpebra (lifting della palpebra superiore)<\/a> la pelle in eccesso sulla palpebra superiore pu\u00f2 essere rimossa e lo sguardo si \"apre\" di nuovo in modo da avere un aspetto fresco e riposato. L'intervento di chirurgia delle palpebre cadenti viene solitamente eseguito in anestesia locale e dura meno di un'ora. Potete tornare a casa subito dopo l'intervento.<\/p>\n\t\t\t\t<img loading=\"lazy\" decoding=\"async\" src=\"https:\/\/www.zumgoldenenschnitt.ch\/wp-content\/uploads\/2023\/09\/journal-augenlidstraffung-schlupflider-entfernen.jpg\" alt=\"journal lifting delle palpebre rimuovere le palpebre cadenti\" itemprop=\"image\" height=\"1000\" width=\"1000\" title=\"Giornale Lifting delle palpebre Rimuovere le palpebre cadenti\" onerror=\"this.style.display='none'\"  \/>\n\t<p>I gessi e i punti di sutura vengono rimossi dopo soli 5-7 giorni, per cui dopo una o al massimo due settimane si \u00e8 di nuovo in piena forma sociale e si pu\u00f2 svolgere la normale vita quotidiana.<\/p>\n<p>Nella nostra clinica di chirurgia plastica ed estetica di Basilea, la <a href=\"https:\/\/www.zumgoldenenschnitt.ch\/it\/offerta\/occhi\/sollevare-le-palpebre-operare\/\">Sollevamento della palpebra superiore<\/a> spesso anche con un <a href=\"https:\/\/www.zumgoldenenschnitt.ch\/it\/offerta\/occhi\/lifting-della-palpebra-inferiore-rimozione-della-palpebra-inferiore\/\">Lifting della palpebra inferiore<\/a> combinato. In questo modo, le palpebre cadenti e le borse sotto gli occhi possono essere facilmente eliminate in un unico intervento.<\/p>\n<p>In qualit\u00e0 di specialista in chirurgia plastica, ricostruttiva ed estetica, il Dr. L\u00fcdi \u00e8 specializzato nella chirurgia estetica delle palpebre e attribuisce grande importanza a un consulto individuale e personale e a risultati naturali del trattamento.<\/p>\n<p>Prenotate subito online il vostro appuntamento di consulenza personale! Vi aspettiamo nella nostra clinica di Basilea.<\/p>\n\t\t\t<a href=\"https:\/\/booking.epat.ch\/goldenschnitt\/booking\" target=\"_blank\" rel=\"noopener\" role=\"button\" aria-label=\"Prenota un appuntamento di consultazione\">\n\t\t\t\t\t\t\tPrenota un appuntamento di consultazione\n\t\t<\/a>","protected":false},"excerpt":{"rendered":"<p>Basilea, 9 ottobre 2023 Fate risplendere i vostri occhi! Le palpebre cadenti spesso fanno sembrare gli occhi pi\u00f9 piccoli e spesso trasmettono un'espressione stanca e triste. Le palpebre pesanti pizzicano e spesso portano a un sollevamento compensatorio delle palpebre. Per le donne, truccare gli occhi \u00e8 pi\u00f9 difficile, l'eyeliner \u00e8 sbavato o non [...]<\/p>","protected":false},"author":4,"featured_media":0,"parent":0,"menu_order":0,"comment_status":"closed","ping_status":"closed","template":"","meta":{"_seopress_robots_primary_cat":"","_seopress_titles_title":"Augenlidstraffung - Kleine OP, grosse Wirkung! | Journal 9. Oktober 2023 | Dr. Simona L\u00fcdi | Basel","_seopress_titles_desc":"Eine Augenlidstraffung \/ Oberlidstraffung ist eine kleine OP mit grosser Wirkung. Frau Dr. Simona L\u00fcdi ber\u00e4t Sie gerne in unserer Klinik in Basel.","_seopress_robots_index":"","inline_featured_image":false,"site-sidebar-layout":"default","site-content-layout":"","ast-site-content-layout":"default","site-content-style":"default","site-sidebar-style":"default","ast-global-header-display":"","ast-banner-title-visibility":"","ast-main-header-display":"","ast-hfb-above-header-display":"","ast-hfb-below-header-display":"","ast-hfb-mobile-header-display":"","site-post-title":"","ast-breadcrumbs-content":"","ast-featured-img":"","footer-sml-layout":"","theme-transparent-header-meta":"","adv-header-id-meta":"","stick-header-meta":"","header-above-stick-meta":"","header-main-stick-meta":"","header-below-stick-meta":"","astra-migrate-meta-layouts":"set","ast-page-background-enabled":"default","ast-page-background-meta":{"desktop":{"background-color":"var(--ast-global-color-4)","background-image":"","background-repeat":"repeat","background-position":"center center","background-size":"auto","background-attachment":"scroll","background-type":"","background-media":"","overlay-type":"","overlay-color":"","overlay-opacity":"","overlay-gradient":""},"tablet":{"background-color":"","background-image":"","background-repeat":"repeat","background-position":"center center","background-size":"auto","background-attachment":"scroll","background-type":"","background-media":"","overlay-type":"","overlay-color":"","overlay-opacity":"","overlay-gradient":""},"mobile":{"background-color":"","background-image":"","background-repeat":"repeat","background-position":"center center","background-size":"auto","background-attachment":"scroll","background-type":"","background-media":"","overlay-type":"","overlay-color":"","overlay-opacity":"","overlay-gradient":""}},"ast-content-background-meta":{"desktop":{"background-color":"var(--ast-global-color-5)","background-image":"","background-repeat":"repeat","background-position":"center center","background-size":"auto","background-attachment":"scroll","background-type":"","background-media":"","overlay-type":"","overlay-color":"","overlay-opacity":"","overlay-gradient":""},"tablet":{"background-color":"var(--ast-global-color-5)","background-image":"","background-repeat":"repeat","background-position":"center center","background-size":"auto","background-attachment":"scroll","background-type":"","background-media":"","overlay-type":"","overlay-color":"","overlay-opacity":"","overlay-gradient":""},"mobile":{"background-color":"var(--ast-global-color-5)","background-image":"","background-repeat":"repeat","background-position":"center center","background-size":"auto","background-attachment":"scroll","background-type":"","background-media":"","overlay-type":"","overlay-color":"","overlay-opacity":"","overlay-gradient":""}},"footnotes":""},"class_list":["post-1236","page","type-page","status-publish"],"_links":{"self":[{"href":"https:\/\/www.zumgoldenenschnitt.ch\/it\/wp-json\/wp\/v2\/pages\/1236","targetHints":{"allow":["GET"]}}],"collection":[{"href":"https:\/\/www.zumgoldenenschnitt.ch\/it\/wp-json\/wp\/v2\/pages"}],"about":[{"href":"https:\/\/www.zumgoldenenschnitt.ch\/it\/wp-json\/wp\/v2\/types\/page"}],"author":[{"embeddable":true,"href":"https:\/\/www.zumgoldenenschnitt.ch\/it\/wp-json\/wp\/v2\/users\/4"}],"replies":[{"embeddable":true,"href":"https:\/\/www.zumgoldenenschnitt.ch\/it\/wp-json\/wp\/v2\/comments?post=1236"}],"version-history":[{"count":5,"href":"https:\/\/www.zumgoldenenschnitt.ch\/it\/wp-json\/wp\/v2\/pages\/1236\/revisions"}],"predecessor-version":[{"id":2308,"href":"https:\/\/www.zumgoldenenschnitt.ch\/it\/wp-json\/wp\/v2\/pages\/1236\/revisions\/2308"}],"wp:attachment":[{"href":"https:\/\/www.zumgoldenenschnitt.ch\/it\/wp-json\/wp\/v2\/media?parent=1236"}],"curies":[{"name":"wp","href":"https:\/\/api.w.org\/{rel}","templated":true}]}}

<p>Basilea, 9 ottobre 2023</p>
<p>Fate brillare di nuovo i vostri occhi!</p>
<p>Le palpebre cadenti spesso fanno sembrare gli occhi più piccoli e spesso trasmettono un'espressione stanca e triste. Le palpebre pesanti premono e spesso portano a un sollevamento compensatorio delle palpebre. Per le signore, truccare gli occhi è più difficile, l'eyeliner si sbaffa o non è più visibile.</p>
<p>Una piccola operazione ha un grande effetto in questo caso: con una <a href="https://www.zumgoldenenschnitt.ch/it/offerta/occhi/sollevare-le-palpebre-operare/">Lifting della palpebra (lifting della palpebra superiore)</a> la pelle in eccesso sulla palpebra superiore può essere rimossa e lo sguardo si "apre" di nuovo in modo da avere un aspetto fresco e riposato. L'intervento di chirurgia delle palpebre cadenti viene solitamente eseguito in anestesia locale e dura meno di un'ora. Potete tornare a casa subito dopo l'intervento.</p>
				<img loading="lazy" decoding="async" src="https://www.zumgoldenenschnitt.ch/wp-content/uploads/2023/09/journal-augenlidstraffung-schlupflider-entfernen.jpg" alt="journal lifting delle palpebre rimuovere le palpebre cadenti" itemprop="image" height="1000" width="1000" title="Giornale Lifting delle palpebre Rimuovere le palpebre cadenti" onerror="this.style.display='none'"  />
	<p>I gessi e i punti di sutura vengono rimossi dopo soli 5-7 giorni, per cui dopo una o al massimo due settimane si è di nuovo in piena forma sociale e si può svolgere la normale vita quotidiana.</p>
<p>Nella nostra clinica di chirurgia plastica ed estetica di Basilea, la <a href="https://www.zumgoldenenschnitt.ch/it/offerta/occhi/sollevare-le-palpebre-operare/">Sollevamento della palpebra superiore</a> spesso anche con un <a href="https://www.zumgoldenenschnitt.ch/it/offerta/occhi/lifting-della-palpebra-inferiore-rimozione-della-palpebra-inferiore/">Lifting della palpebra inferiore</a> combinato. In questo modo, le palpebre cadenti e le borse sotto gli occhi possono essere facilmente eliminate in un unico intervento.</p>
<p>In qualità di specialista in chirurgia plastica, ricostruttiva ed estetica, il Dr. Lüdi è specializzato nella chirurgia estetica delle palpebre e attribuisce grande importanza a un consulto individuale e personale e a risultati naturali del trattamento.</p>
<p>Prenotate subito online il vostro appuntamento di consulenza personale! Vi aspettiamo nella nostra clinica di Basilea.</p>
			<a href="https://booking.epat.ch/goldenschnitt/booking" target="_blank" rel="noopener" role="button" aria-label="Prenota un appuntamento di consultazione">
							Prenota un appuntamento di consultazione
		</a>

<p>Basilea, 9 ottobre 2023 Fate risplendere i vostri occhi! Le palpebre cadenti spesso fanno sembrare gli occhi più piccoli e spesso trasmettono un'espressione stanca e triste. Le palpebre pesanti pizzicano e spesso portano a un sollevamento compensatorio delle palpebre. Per le donne, truccare gli occhi è più difficile, l'eyeliner è sbavato o non [...]</p>

Augenlidstraffung - Kleine OP, grosse Wirkung! | Journal 9. Oktober 2023 | Dr. Simona Lüdi | Basel

Eine Augenlidstraffung / Oberlidstraffung ist eine kleine OP mit grosser Wirkung. Frau Dr. Simona Lüdi berät Sie gerne in unserer Klinik in Basel.
